{"id":15,"date":"2025-11-20T18:22:12","date_gmt":"2025-11-20T18:22:12","guid":{"rendered":"https:\/\/lastekehatugi.ee\/?page_id=15"},"modified":"2025-12-01T10:57:57","modified_gmt":"2025-12-01T10:57:57","slug":"teenused","status":"publish","type":"page","link":"https:\/\/lastekehatugi.ee\/?page_id=15","title":{"rendered":"\u0423\u0441\u043b\u0443\u0433\u0438"},"content":{"rendered":"\n<div class=\"wp-block-group has-global-padding is-layout-constrained wp-block-group-is-layout-constrained\">\n<div class=\"wp-block-group has-global-padding is-layout-constrained wp-block-group-is-layout-constrained\">\n<div class=\"wp-block-group has-instrument-sans-font-family has-global-padding is-layout-constrained wp-block-group-is-layout-constrained\">\n<div class=\"wp-block-group has-global-padding is-layout-constrained wp-block-group-is-layout-constrained\">\n<p class=\"has-open-sans-font-family\"><strong>\u041c\u0430\u0441\u0441\u0430\u0436 \u0434\u043b\u044f \u043c\u043b\u0430\u0434\u0435\u043d\u0446\u0435\u0432 (1-12 \u043c\u0435\u0441\u044f\u0446\u0435\u0432)<\/strong><\/p>\n\n\n\n<p class=\"has-open-sans-font-family\">\u0412 \u043a\u0430\u0431\u0438\u043d\u0435\u0442\u0435:<\/p>\n\n\n\n<ul class=\"wp-block-list has-open-sans-font-family\">\n<li>30 \u043c\u0438\u043d\u0443\u0442 &#8211; 25\u20ac<\/li>\n<\/ul>\n\n\n\n<p class=\"has-open-sans-font-family\">\u041d\u0430 \u0434\u043e\u043c\u0443:<\/p>\n\n\n\n<ul class=\"wp-block-list has-open-sans-font-family\">\n<li>30 \u043c\u0438\u043d\u0443\u0442 &#8211; 35\u20ac<\/li>\n<\/ul>\n\n\n\n<p class=\"has-open-sans-font-family\"><strong>\u0414\u0435\u0442\u0441\u043a\u0430\u044f \u043c\u0430\u0441\u0441\u0430\u0436\u043d\u0430\u044f \u0442\u0435\u0440\u0430\u043f\u0438\u044f (\u043e\u0442 1 \u0433\u043e\u0434\u0430 \u0434\u043e 7 \u043b\u0435\u0442)<\/strong><\/p>\n\n\n\n<p class=\"has-open-sans-font-family\">\u0412 \u043a\u0430\u0431\u0438\u043d\u0435\u0442\u0435:<\/p>\n\n\n\n<ul class=\"wp-block-list has-open-sans-font-family\">\n<li>30 \u043c\u0438\u043d\u0443\u0442 30\u20ac<\/li>\n<\/ul>\n\n\n\n<ul class=\"wp-block-list has-open-sans-font-family\">\n<li>45 \u043c\u0438\u043d\u0443\u0442 35\u20ac<\/li>\n<\/ul>\n\n\n\n<p class=\"has-open-sans-font-family\">\u041d\u0430 \u0434\u043e\u043c\u0443:<\/p>\n\n\n\n<ul class=\"wp-block-list has-open-sans-font-family\">\n<li>30 \u043c\u0438\u043d\u0443\u0442 40\u20ac (Kristiine, Mustam\u00e4e, N\u00f5mme, Haabersti, P\u00f5hja-Tallinn)<\/li>\n<\/ul>\n\n\n\n<ul class=\"wp-block-list has-open-sans-font-family\">\n<li>45 \u043c\u0438\u043d\u0443\u0442 45\u20ac (Kristiine, Mustam\u00e4e, N\u00f5mme, Haabersti, P\u00f5hja-Tallinn)<\/li>\n<\/ul>\n\n\n\n<p class=\"has-open-sans-font-family\"><strong>\u041c\u0430\u0441\u0441\u0430\u0436\u043d\u0430\u044f \u0442\u0435\u0440\u0430\u043f\u0438\u044f (\u043e\u0442 7&nbsp; \u0434\u043e 17 \u043b\u0435\u0442)<\/strong><\/p>\n\n\n\n<p class=\"has-open-sans-font-family\">\u0412 \u043a\u0430\u0431\u0438\u043d\u0435\u0442\u0435:<\/p>\n\n\n\n<ul class=\"wp-block-list has-open-sans-font-family\">\n<li>45 \u043c\u0438\u043d\u0443\u0442 35\u20ac<\/li>\n<\/ul>\n\n\n\n<ul class=\"wp-block-list has-open-sans-font-family\">\n<li>60 \u043c\u0438\u043d\u0443\u0442 40\u20ac<\/li>\n<\/ul>\n\n\n\n<p class=\"has-open-sans-font-family\">\u041d\u0430 \u0434\u043e\u043c\u0443:<\/p>\n\n\n\n<ul class=\"wp-block-list has-open-sans-font-family\">\n<li>45 \u043c\u0438\u043d\u0443\u0442 45\u20ac (Kristiine, Mustam\u00e4e, N\u00f5mme, Haabersti, P\u00f5hja-Tallinn)<\/li>\n<\/ul>\n\n\n\n<ul class=\"wp-block-list has-open-sans-font-family\">\n<li>60 \u043c\u0438\u043d\u0443\u0442 50\u20ac (Kristiine, Mustam\u00e4e, N\u00f5mme, Haabersti, P\u00f5hja-Tallinn)<\/li>\n<\/ul>\n\n\n\n<p class=\"has-open-sans-font-family\"><strong>\u0410\u0434\u0430\u043f\u0442\u0438\u0440\u043e\u0432\u0430\u043d\u043d\u044b\u0439 \u043c\u0430\u0441\u0441\u0430\u0436 \u0434\u043b\u044f \u0434\u0435\u0442\u0435\u0439 \u0441 \u043e\u0441\u043e\u0431\u044b\u043c\u0438 \u043f\u043e\u0442\u0440\u0435\u0431\u043d\u043e\u0441\u0442\u044f\u043c\u0438 (Technique MEBP\u00ae) <\/strong><\/p>\n\n\n\n<p class=\"has-open-sans-font-family\">\u0412 \u043a\u0430\u0431\u0438\u043d\u0435\u0442\u0435: <\/p>\n\n\n\n<ul class=\"wp-block-list has-open-sans-font-family\">\n<li>30 \u043c\u0438\u043d\u0443\u0442 35\u20ac<\/li>\n<\/ul>\n\n\n\n<p class=\"has-open-sans-font-family\">\u041d\u0430 \u0434\u043e\u043c\u0443:<\/p>\n\n\n\n<ul class=\"wp-block-list has-open-sans-font-family\">\n<li>30 \u043c\u0438\u043d\u0443\u0442 45\u20ac<\/li>\n<\/ul>\n\n\n\n<p class=\"has-open-sans-font-family\"><strong>\u041b\u043e\u0433\u043e\u043f\u0435\u0434\u0438\u0447\u0435\u0441\u043a\u0438\u0439 \u043c\u0430\u0441\u0441\u0430\u0436<\/strong><\/p>\n\n\n\n<div class=\"wp-block-group has-open-sans-font-family has-global-padding is-layout-constrained wp-block-group-is-layout-constrained\">\n<p>\u0412 \u043a\u0430\u0431\u0438\u043d\u0435\u0442\u0435: <\/p>\n\n\n\n<ul class=\"wp-block-list\">\n<li>30 \u043c\u0438\u043d\u0443\u0442 30\u20ac<\/li>\n<\/ul>\n\n\n\n<p class=\"has-open-sans-font-family\">\u041d\u0430 \u0434\u043e\u043c\u0443:<\/p>\n\n\n\n<ul class=\"wp-block-list\">\n<li class=\"has-open-sans-font-family\">30 \u043c\u0438\u043d\u0443\u0442 45\u20ac<\/li>\n<\/ul>\n<\/div>\n\n\n\n<p><\/p>\n\n\n\n<p class=\"has-open-sans-font-family\">* \u041f\u043b\u0430\u0442\u0430 \u043d\u0430 \u0434\u043e\u043c\u0443 \u0432 \u0441\u043b\u0435\u0434\u0443\u044e\u0449\u0438\u0445 \u0440\u0430\u0444\u043e\u043d\u0430\u0445 &#8211; Kristiine, Mustam\u00e4e, N\u00f5mme, Haabersti, P\u00f5hja-Tallinn<\/p>\n\n\n\n<p class=\"has-open-sans-font-family\">\u0412 \u0440\u0430\u0439\u043e\u043d\u0430\u0445 kesklinn, Lasnam\u00e4e, Pirita, Laagri, Tiskre, Kakum\u00e4e, Tabasalu, Saue, Saku vald, Peetri, Rae vald, Viimsi, Maardu &#8211; \u0434\u043e\u0431\u0430\u0432\u043b\u044f\u044e\u0442\u0441\u044f \u0442\u0440\u0430\u043d\u0441\u043f\u043e\u0440\u0442\u043d\u044b\u0435 \u0437\u0430\u0442\u0440\u0430\u0442\u044b \u0438 \u043f\u0430\u0440\u043a\u043e\u0432\u043a\u0430.<\/p>\n<\/div>\n<\/div>\n<\/div>\n<\/div>\n\n\n\n<p><\/p>\n","protected":false},"excerpt":{"rendered":"<p>\u041c\u0430\u0441\u0441\u0430\u0436 \u0434\u043b\u044f \u043c\u043b\u0430\u0434\u0435\u043d\u0446\u0435\u0432 (1-12 \u043c\u0435\u0441\u044f\u0446\u0435\u0432) \u0412 \u043a\u0430\u0431\u0438\u043d\u0435\u0442\u0435: \u041d\u0430 \u0434\u043e\u043c\u0443: \u0414\u0435\u0442\u0441\u043a\u0430\u044f \u043c\u0430\u0441\u0441\u0430\u0436\u043d\u0430\u044f \u0442\u0435\u0440\u0430\u043f\u0438\u044f (\u043e\u0442 1 \u0433\u043e\u0434\u0430 \u0434\u043e 7 \u043b\u0435\u0442) \u0412 \u043a\u0430\u0431\u0438\u043d\u0435\u0442\u0435: \u041d\u0430 \u0434\u043e\u043c\u0443: \u041c\u0430\u0441\u0441\u0430\u0436\u043d\u0430\u044f \u0442\u0435\u0440\u0430\u043f\u0438\u044f (\u043e\u0442 7&nbsp; \u0434\u043e 17 \u043b\u0435\u0442) \u0412 \u043a\u0430\u0431\u0438\u043d\u0435\u0442\u0435: \u041d\u0430 \u0434\u043e\u043c\u0443: \u0410\u0434\u0430\u043f\u0442\u0438\u0440\u043e\u0432\u0430\u043d\u043d\u044b\u0439 \u043c\u0430\u0441\u0441\u0430\u0436 \u0434\u043b\u044f \u0434\u0435\u0442\u0435\u0439 \u0441 \u043e\u0441\u043e\u0431\u044b\u043c\u0438 \u043f\u043e\u0442\u0440\u0435\u0431\u043d\u043e\u0441\u0442\u044f\u043c\u0438 (Technique MEBP\u00ae) \u0412 \u043a\u0430\u0431\u0438\u043d\u0435\u0442\u0435: \u041d\u0430 \u0434\u043e\u043c\u0443: \u041b\u043e\u0433\u043e\u043f\u0435\u0434\u0438\u0447\u0435\u0441\u043a\u0438\u0439 \u043c\u0430\u0441\u0441\u0430\u0436 \u0412 \u043a\u0430\u0431\u0438\u043d\u0435\u0442\u0435: \u041d\u0430 \u0434\u043e\u043c\u0443: * \u041f\u043b\u0430\u0442\u0430 \u043d\u0430 [&hellip;]<\/p>\n","protected":false},"author":1,"featured_media":0,"parent":0,"menu_order":2,"comment_status":"closed","ping_status":"closed","template":"","meta":{"footnotes":""},"class_list":["post-15","page","type-page","status-publish","hentry"],"yoast_head":"<!-- This site is optimized with the Yoast SEO plugin v26.4 - https:\/\/yoast.com\/wordpress\/plugins\/seo\/ -->\n<title>\u0423\u0441\u043b\u0443\u0433\u0438 - LasteKehaTugi<\/title>\n<meta name=\"robots\" content=\"index, follow, max-snippet:-1, max-image-preview:large, max-video-preview:-1\" \/>\n<link rel=\"canonical\" href=\"https:\/\/lastekehatugi.ee\/?page_id=15\" \/>\n<meta property=\"og:locale\" content=\"et_EE\" \/>\n<meta property=\"og:type\" content=\"article\" \/>\n<meta property=\"og:title\" content=\"\u0423\u0441\u043b\u0443\u0433\u0438 - LasteKehaTugi\" \/>\n<meta property=\"og:description\" content=\"\u041c\u0430\u0441\u0441\u0430\u0436 \u0434\u043b\u044f \u043c\u043b\u0430\u0434\u0435\u043d\u0446\u0435\u0432 (1-12 \u043c\u0435\u0441\u044f\u0446\u0435\u0432) \u0412 \u043a\u0430\u0431\u0438\u043d\u0435\u0442\u0435: \u041d\u0430 \u0434\u043e\u043c\u0443: \u0414\u0435\u0442\u0441\u043a\u0430\u044f \u043c\u0430\u0441\u0441\u0430\u0436\u043d\u0430\u044f \u0442\u0435\u0440\u0430\u043f\u0438\u044f (\u043e\u0442 1 \u0433\u043e\u0434\u0430 \u0434\u043e 7 \u043b\u0435\u0442) \u0412 \u043a\u0430\u0431\u0438\u043d\u0435\u0442\u0435: \u041d\u0430 \u0434\u043e\u043c\u0443: \u041c\u0430\u0441\u0441\u0430\u0436\u043d\u0430\u044f \u0442\u0435\u0440\u0430\u043f\u0438\u044f (\u043e\u0442 7&nbsp; \u0434\u043e 17 \u043b\u0435\u0442) \u0412 \u043a\u0430\u0431\u0438\u043d\u0435\u0442\u0435: \u041d\u0430 \u0434\u043e\u043c\u0443: \u0410\u0434\u0430\u043f\u0442\u0438\u0440\u043e\u0432\u0430\u043d\u043d\u044b\u0439 \u043c\u0430\u0441\u0441\u0430\u0436 \u0434\u043b\u044f \u0434\u0435\u0442\u0435\u0439 \u0441 \u043e\u0441\u043e\u0431\u044b\u043c\u0438 \u043f\u043e\u0442\u0440\u0435\u0431\u043d\u043e\u0441\u0442\u044f\u043c\u0438 (Technique MEBP\u00ae) \u0412 \u043a\u0430\u0431\u0438\u043d\u0435\u0442\u0435: \u041d\u0430 \u0434\u043e\u043c\u0443: \u041b\u043e\u0433\u043e\u043f\u0435\u0434\u0438\u0447\u0435\u0441\u043a\u0438\u0439 \u043c\u0430\u0441\u0441\u0430\u0436 \u0412 \u043a\u0430\u0431\u0438\u043d\u0435\u0442\u0435: \u041d\u0430 \u0434\u043e\u043c\u0443: * \u041f\u043b\u0430\u0442\u0430 \u043d\u0430 [&hellip;]\" \/>\n<meta property=\"og:url\" content=\"https:\/\/lastekehatugi.ee\/?page_id=15\" \/>\n<meta property=\"og:site_name\" content=\"LasteKehaTugi\" \/>\n<meta property=\"article:publisher\" content=\"https:\/\/www.facebook.com\/profile.php?id=100008305992905\" \/>\n<meta property=\"article:modified_time\" content=\"2025-12-01T10:57:57+00:00\" \/>\n<meta name=\"twitter:card\" content=\"summary_large_image\" \/>\n<meta name=\"twitter:label1\" content=\"Est. reading time\" \/>\n\t<meta name=\"twitter:data1\" content=\"1 minut\" \/>\n<script type=\"application\/ld+json\" class=\"yoast-schema-graph\">{\"@context\":\"https:\/\/schema.org\",\"@graph\":[{\"@type\":\"WebPage\",\"@id\":\"https:\/\/lastekehatugi.ee\/?page_id=15\",\"url\":\"https:\/\/lastekehatugi.ee\/?page_id=15\",\"name\":\"\u0423\u0441\u043b\u0443\u0433\u0438 - LasteKehaTugi\",\"isPartOf\":{\"@id\":\"https:\/\/lastekehatugi.ee\/#website\"},\"datePublished\":\"2025-11-20T18:22:12+00:00\",\"dateModified\":\"2025-12-01T10:57:57+00:00\",\"breadcrumb\":{\"@id\":\"https:\/\/lastekehatugi.ee\/?page_id=15#breadcrumb\"},\"inLanguage\":\"et\",\"potentialAction\":[{\"@type\":\"ReadAction\",\"target\":[\"https:\/\/lastekehatugi.ee\/?page_id=15\"]}]},{\"@type\":\"BreadcrumbList\",\"@id\":\"https:\/\/lastekehatugi.ee\/?page_id=15#breadcrumb\",\"itemListElement\":[{\"@type\":\"ListItem\",\"position\":1,\"name\":\"Home\",\"item\":\"https:\/\/lastekehatugi.ee\/\"},{\"@type\":\"ListItem\",\"position\":2,\"name\":\"\u0423\u0441\u043b\u0443\u0433\u0438\"}]},{\"@type\":\"WebSite\",\"@id\":\"https:\/\/lastekehatugi.ee\/#website\",\"url\":\"https:\/\/lastekehatugi.ee\/\",\"name\":\"LasteKehaTugi\",\"description\":\"laste teraapia, laste massaaz\",\"publisher\":{\"@id\":\"https:\/\/lastekehatugi.ee\/#organization\"},\"inLanguage\":\"et\"},{\"@type\":\"Organization\",\"@id\":\"https:\/\/lastekehatugi.ee\/#organization\",\"name\":\"Laranta O\u00dc\",\"url\":\"https:\/\/lastekehatugi.ee\/\",\"logo\":{\"@type\":\"ImageObject\",\"inLanguage\":\"et\",\"@id\":\"https:\/\/lastekehatugi.ee\/#\/schema\/logo\/image\/\",\"url\":\"https:\/\/lastekehatugi.ee\/wp-content\/uploads\/2025\/12\/logo_psd_2025_jpg.jpg\",\"contentUrl\":\"https:\/\/lastekehatugi.ee\/wp-content\/uploads\/2025\/12\/logo_psd_2025_jpg.jpg\",\"width\":675,\"height\":532,\"caption\":\"Laranta O\u00dc\"},\"image\":{\"@id\":\"https:\/\/lastekehatugi.ee\/#\/schema\/logo\/image\/\"},\"sameAs\":[\"https:\/\/www.facebook.com\/profile.php?id=100008305992905\"]}]}<\/script>\n<!-- \/ Yoast SEO plugin. -->","yoast_head_json":{"title":"\u0423\u0441\u043b\u0443\u0433\u0438 - LasteKehaTugi","robots":{"index":"index","follow":"follow","max-snippet":"max-snippet:-1","max-image-preview":"max-image-preview:large","max-video-preview":"max-video-preview:-1"},"canonical":"https:\/\/lastekehatugi.ee\/?page_id=15","og_locale":"et_EE","og_type":"article","og_title":"\u0423\u0441\u043b\u0443\u0433\u0438 - LasteKehaTugi","og_description":"\u041c\u0430\u0441\u0441\u0430\u0436 \u0434\u043b\u044f \u043c\u043b\u0430\u0434\u0435\u043d\u0446\u0435\u0432 (1-12 \u043c\u0435\u0441\u044f\u0446\u0435\u0432) \u0412 \u043a\u0430\u0431\u0438\u043d\u0435\u0442\u0435: \u041d\u0430 \u0434\u043e\u043c\u0443: \u0414\u0435\u0442\u0441\u043a\u0430\u044f \u043c\u0430\u0441\u0441\u0430\u0436\u043d\u0430\u044f \u0442\u0435\u0440\u0430\u043f\u0438\u044f (\u043e\u0442 1 \u0433\u043e\u0434\u0430 \u0434\u043e 7 \u043b\u0435\u0442) \u0412 \u043a\u0430\u0431\u0438\u043d\u0435\u0442\u0435: \u041d\u0430 \u0434\u043e\u043c\u0443: \u041c\u0430\u0441\u0441\u0430\u0436\u043d\u0430\u044f \u0442\u0435\u0440\u0430\u043f\u0438\u044f (\u043e\u0442 7&nbsp; \u0434\u043e 17 \u043b\u0435\u0442) \u0412 \u043a\u0430\u0431\u0438\u043d\u0435\u0442\u0435: \u041d\u0430 \u0434\u043e\u043c\u0443: \u0410\u0434\u0430\u043f\u0442\u0438\u0440\u043e\u0432\u0430\u043d\u043d\u044b\u0439 \u043c\u0430\u0441\u0441\u0430\u0436 \u0434\u043b\u044f \u0434\u0435\u0442\u0435\u0439 \u0441 \u043e\u0441\u043e\u0431\u044b\u043c\u0438 \u043f\u043e\u0442\u0440\u0435\u0431\u043d\u043e\u0441\u0442\u044f\u043c\u0438 (Technique MEBP\u00ae) \u0412 \u043a\u0430\u0431\u0438\u043d\u0435\u0442\u0435: \u041d\u0430 \u0434\u043e\u043c\u0443: \u041b\u043e\u0433\u043e\u043f\u0435\u0434\u0438\u0447\u0435\u0441\u043a\u0438\u0439 \u043c\u0430\u0441\u0441\u0430\u0436 \u0412 \u043a\u0430\u0431\u0438\u043d\u0435\u0442\u0435: \u041d\u0430 \u0434\u043e\u043c\u0443: * \u041f\u043b\u0430\u0442\u0430 \u043d\u0430 [&hellip;]","og_url":"https:\/\/lastekehatugi.ee\/?page_id=15","og_site_name":"LasteKehaTugi","article_publisher":"https:\/\/www.facebook.com\/profile.php?id=100008305992905","article_modified_time":"2025-12-01T10:57:57+00:00","twitter_card":"summary_large_image","twitter_misc":{"Est. reading time":"1 minut"},"schema":{"@context":"https:\/\/schema.org","@graph":[{"@type":"WebPage","@id":"https:\/\/lastekehatugi.ee\/?page_id=15","url":"https:\/\/lastekehatugi.ee\/?page_id=15","name":"\u0423\u0441\u043b\u0443\u0433\u0438 - LasteKehaTugi","isPartOf":{"@id":"https:\/\/lastekehatugi.ee\/#website"},"datePublished":"2025-11-20T18:22:12+00:00","dateModified":"2025-12-01T10:57:57+00:00","breadcrumb":{"@id":"https:\/\/lastekehatugi.ee\/?page_id=15#breadcrumb"},"inLanguage":"et","potentialAction":[{"@type":"ReadAction","target":["https:\/\/lastekehatugi.ee\/?page_id=15"]}]},{"@type":"BreadcrumbList","@id":"https:\/\/lastekehatugi.ee\/?page_id=15#breadcrumb","itemListElement":[{"@type":"ListItem","position":1,"name":"Home","item":"https:\/\/lastekehatugi.ee\/"},{"@type":"ListItem","position":2,"name":"\u0423\u0441\u043b\u0443\u0433\u0438"}]},{"@type":"WebSite","@id":"https:\/\/lastekehatugi.ee\/#website","url":"https:\/\/lastekehatugi.ee\/","name":"LasteKehaTugi","description":"laste teraapia, laste massaaz","publisher":{"@id":"https:\/\/lastekehatugi.ee\/#organization"},"inLanguage":"et"},{"@type":"Organization","@id":"https:\/\/lastekehatugi.ee\/#organization","name":"Laranta O\u00dc","url":"https:\/\/lastekehatugi.ee\/","logo":{"@type":"ImageObject","inLanguage":"et","@id":"https:\/\/lastekehatugi.ee\/#\/schema\/logo\/image\/","url":"https:\/\/lastekehatugi.ee\/wp-content\/uploads\/2025\/12\/logo_psd_2025_jpg.jpg","contentUrl":"https:\/\/lastekehatugi.ee\/wp-content\/uploads\/2025\/12\/logo_psd_2025_jpg.jpg","width":675,"height":532,"caption":"Laranta O\u00dc"},"image":{"@id":"https:\/\/lastekehatugi.ee\/#\/schema\/logo\/image\/"},"sameAs":["https:\/\/www.facebook.com\/profile.php?id=100008305992905"]}]}},"_links":{"self":[{"href":"https:\/\/lastekehatugi.ee\/index.php?rest_route=\/wp\/v2\/pages\/15","targetHints":{"allow":["GET"]}}],"collection":[{"href":"https:\/\/lastekehatugi.ee\/index.php?rest_route=\/wp\/v2\/pages"}],"about":[{"href":"https:\/\/lastekehatugi.ee\/index.php?rest_route=\/wp\/v2\/types\/page"}],"author":[{"embeddable":true,"href":"https:\/\/lastekehatugi.ee\/index.php?rest_route=\/wp\/v2\/users\/1"}],"replies":[{"embeddable":true,"href":"https:\/\/lastekehatugi.ee\/index.php?rest_route=%2Fwp%2Fv2%2Fcomments&post=15"}],"version-history":[{"count":11,"href":"https:\/\/lastekehatugi.ee\/index.php?rest_route=\/wp\/v2\/pages\/15\/revisions"}],"predecessor-version":[{"id":94,"href":"https:\/\/lastekehatugi.ee\/index.php?rest_route=\/wp\/v2\/pages\/15\/revisions\/94"}],"wp:attachment":[{"href":"https:\/\/lastekehatugi.ee\/index.php?rest_route=%2Fwp%2Fv2%2Fmedia&parent=15"}],"curies":[{"name":"wp","href":"https:\/\/api.w.org\/{rel}","templated":true}]}}