{"id":57,"date":"2025-12-01T09:42:37","date_gmt":"2025-12-01T09:42:37","guid":{"rendered":"https:\/\/lastekehatugi.ee\/?page_id=57"},"modified":"2025-12-01T11:01:06","modified_gmt":"2025-12-01T11:01:06","slug":"%d0%bc%d0%b0%d1%81%d1%81%d0%b0%d0%b6%d0%bd%d0%b0%d1%8f-%d1%82%d0%b5%d1%80%d0%b0%d0%bf%d0%b8%d1%8f-%d0%be%d1%82-7-%d0%b4%d0%be-17-%d0%bb%d0%b5%d1%82","status":"publish","type":"page","link":"https:\/\/lastekehatugi.ee\/?page_id=57","title":{"rendered":"\u041c\u0430\u0441\u0441\u0430\u0436\u043d\u0430\u044f \u0442\u0435\u0440\u0430\u043f\u0438\u044f (\u043e\u0442 7\u00a0 \u0434\u043e 17 \u043b\u0435\u0442)"},"content":{"rendered":"\n<p><strong><u>\u041c\u0430\u0441\u0441\u0430\u0436\u043d\u0430\u044f \u0442\u0435\u0440\u0430\u043f\u0438\u044f (\u043e\u0442 7&nbsp; \u0434\u043e 17 \u043b\u0435\u0442)<\/u><\/strong><\/p>\n\n\n\n<p>45 \u043c\u0438\u043d\u0443\u0442 35\u20ac<\/p>\n\n\n\n<p>60 \u043c\u0438\u043d\u0443\u0442 40\u20ac<\/p>\n\n\n\n<p><strong>\u041c\u0430\u0441\u0441\u0430\u0436\u043d\u0430\u044f \u0442\u0435\u0440\u0430\u043f\u0438\u044f \u043d\u0430 \u0434\u043e\u043c\u0443 (\u043e\u0442 7 \u0434\u043e 17 \u043b\u0435\u0442)<\/strong><\/p>\n\n\n\n<p>45 \u043c\u0438\u043d\u0443\u0442 45\u20ac (Kristiine, Mustam\u00e4e, N\u00f5mme, Haabersti, P\u00f5hja-Tallinn)<\/p>\n\n\n\n<p>60 \u043c\u0438\u043d\u0443\u0442 50\u20ac (Kristiine, Mustam\u00e4e, N\u00f5mme, Haabersti, P\u00f5hja-Tallinn)<\/p>\n\n\n\n<p>\u0412 \u0440\u0430\u0439\u043e\u043d\u0430\u0445 Kesklinn, Lasnam\u00e4e, Pirita, Laagri, Tiskre, Kakum\u00e4e, Tabasalu, Saue, Saku, Peetri, Rae, Viimsi \u0438 Maardu \u0434\u043e\u0431\u0430\u0432\u043b\u044f\u044e\u0442\u0441\u044f \u0440\u0430\u0441\u0445\u043e\u0434\u044b \u043d\u0430 \u0442\u0440\u0430\u043d\u0441\u043f\u043e\u0440\u0442 \u0438 \u043f\u0430\u0440\u043a\u043e\u0432\u043a\u0443 (\u0435\u0441\u043b\u0438 \u043f\u0430\u0440\u043a\u043e\u0432\u043a\u0430 \u043f\u043b\u0430\u0442\u043d\u0430\u044f).<\/p>\n\n\n\n<p><strong>\u041e \u043c\u0430\u0441\u0441\u0430\u0436\u043d\u043e\u0439 \u0442\u0435\u0440\u0430\u043f\u0438\u0438 \u0434\u043b\u044f \u0434\u0435\u0442\u0435\u0439 \u0438 \u043f\u043e\u0434\u0440\u043e\u0441\u0442\u043a\u043e\u0432<\/strong><\/p>\n\n\n\n<p>\u041c\u0430\u0441\u0441\u0430\u0436 \u0434\u043b\u044f \u0434\u0435\u0442\u0435\u0439 \u0441\u0442\u0430\u0440\u0448\u0435\u0433\u043e \u0432\u043e\u0437\u0440\u0430\u0441\u0442\u0430 \u0438 \u043f\u043e\u0434\u0440\u043e\u0441\u0442\u043a\u043e\u0432 \u043d\u0430\u043f\u0440\u0430\u0432\u043b\u0435\u043d \u043d\u0430 \u0441\u043d\u044f\u0442\u0438\u0435 \u043c\u044b\u0448\u0435\u0447\u043d\u043e\u0433\u043e \u043d\u0430\u043f\u0440\u044f\u0436\u0435\u043d\u0438\u044f, \u0443\u043b\u0443\u0447\u0448\u0435\u043d\u0438\u0435 \u043e\u0441\u0430\u043d\u043a\u0438, \u043f\u043e\u0434\u0434\u0435\u0440\u0436\u043a\u0443 \u0430\u043a\u0442\u0438\u0432\u043d\u043e\u0433\u043e \u0440\u043e\u0441\u0442\u0430 \u0438 \u043f\u043e\u0432\u044b\u0448\u0435\u043d\u0438\u0435 \u043e\u0431\u0449\u0435\u0433\u043e \u0444\u0438\u0437\u0438\u0447\u0435\u0441\u043a\u043e\u0433\u043e \u0438 \u044d\u043c\u043e\u0446\u0438\u043e\u043d\u0430\u043b\u044c\u043d\u043e\u0433\u043e \u0431\u043b\u0430\u0433\u043e\u043f\u043e\u043b\u0443\u0447\u0438\u044f.<\/p>\n\n\n\n<p>\u0412 \u044d\u0442\u043e\u043c \u0432\u043e\u0437\u0440\u0430\u0441\u0442\u0435 \u0434\u0435\u0442\u0438 \u0441\u0442\u0430\u043b\u043a\u0438\u0432\u0430\u044e\u0442\u0441\u044f \u0441 \u0431\u043e\u043b\u044c\u0448\u0438\u043c\u0438 \u043d\u0430\u0433\u0440\u0443\u0437\u043a\u0430\u043c\u0438 \u2014 \u0448\u043a\u043e\u043b\u0430, \u0441\u043f\u043e\u0440\u0442, \u0431\u044b\u0441\u0442\u0440\u044b\u0439 \u0440\u043e\u0441\u0442, \u0434\u043b\u0438\u0442\u0435\u043b\u044c\u043d\u043e\u0435 \u0441\u0438\u0434\u0435\u043d\u0438\u0435 \u0437\u0430 \u043a\u043e\u043c\u043f\u044c\u044e\u0442\u0435\u0440\u043e\u043c. \u041c\u0430\u0441\u0441\u0430\u0436 \u043f\u043e\u043c\u043e\u0433\u0430\u0435\u0442 \u0441\u0431\u0430\u043b\u0430\u043d\u0441\u0438\u0440\u043e\u0432\u0430\u0442\u044c \u044d\u0442\u0438 \u043d\u0430\u0433\u0440\u0443\u0437\u043a\u0438, \u043f\u043e\u0434\u0434\u0435\u0440\u0436\u0438\u0432\u0430\u0442\u044c \u0442\u0435\u043b\u043e \u0432 \u0437\u0434\u043e\u0440\u043e\u0432\u043e\u043c \u0438 \u0433\u0438\u0431\u043a\u043e\u043c \u0441\u043e\u0441\u0442\u043e\u044f\u043d\u0438\u0438 \u0438 \u043f\u043e\u0432\u044b\u0448\u0430\u0442\u044c \u0441\u043f\u043e\u0441\u043e\u0431\u043d\u043e\u0441\u0442\u044c \u043a \u043a\u043e\u043d\u0446\u0435\u043d\u0442\u0440\u0430\u0446\u0438\u0438.<\/p>\n\n\n\n<p>\u041a\u0430\u0436\u0434\u044b\u0439 \u0441\u0435\u0430\u043d\u0441 \u0438\u043d\u0434\u0438\u0432\u0438\u0434\u0443\u0430\u043b\u0435\u043d: \u0442\u0435\u0445\u043d\u0438\u043a\u0438 \u043f\u043e\u0434\u0431\u0438\u0440\u0430\u044e\u0442\u0441\u044f \u043f\u043e \u0432\u043e\u0437\u0440\u0430\u0441\u0442\u0443, \u0443\u0440\u043e\u0432\u043d\u044e \u0430\u043a\u0442\u0438\u0432\u043d\u043e\u0441\u0442\u0438 \u0438 \u043a\u043e\u043d\u043a\u0440\u0435\u0442\u043d\u044b\u043c \u043f\u043e\u0442\u0440\u0435\u0431\u043d\u043e\u0441\u0442\u044f\u043c \u0440\u0435\u0431\u0451\u043d\u043a\u0430 \u0438\u043b\u0438 \u043f\u043e\u0434\u0440\u043e\u0441\u0442\u043a\u0430.<\/p>\n\n\n\n<p><strong>\u041a\u043e\u0433\u0434\u0430 \u043c\u0430\u0441\u0441\u0430\u0436 \u043e\u0441\u043e\u0431\u0435\u043d\u043d\u043e \u043f\u043e\u043b\u0435\u0437\u0435\u043d<\/strong><\/p>\n\n\n\n<p>\u041c\u0430\u0441\u0441\u0430\u0436 \u043e\u0441\u043e\u0431\u0435\u043d\u043d\u043e \u0440\u0435\u043a\u043e\u043c\u0435\u043d\u0434\u0443\u0435\u0442\u0441\u044f \u0434\u0435\u0442\u044f\u043c \u0438 \u043f\u043e\u0434\u0440\u043e\u0441\u0442\u043a\u0430\u043c \u043f\u0440\u0438 \u0441\u043b\u0435\u0434\u0443\u044e\u0449\u0438\u0445 \u0441\u043e\u0441\u0442\u043e\u044f\u043d\u0438\u044f\u0445:<\/p>\n\n\n\n<ul class=\"wp-block-list\">\n<li>\u043d\u0430\u0440\u0443\u0448\u0435\u043d\u0438\u044f \u043e\u0441\u0430\u043d\u043a\u0438 (\u0441\u043a\u043e\u043b\u0438\u043e\u0437, \u0441\u0443\u0442\u0443\u043b\u043e\u0441\u0442\u044c);<\/li>\n\n\n\n<li>\u043f\u043e\u0432\u044b\u0448\u0435\u043d\u043d\u0430\u044f \u0443\u0441\u0442\u0430\u043b\u043e\u0441\u0442\u044c \u043f\u043e\u0441\u043b\u0435 \u0448\u043a\u043e\u043b\u044b \u0438\u043b\u0438 \u0441\u043f\u043e\u0440\u0442\u0430;<\/li>\n\n\n\n<li>\u043c\u044b\u0448\u0435\u0447\u043d\u044b\u0435 \u0437\u0430\u0436\u0438\u043c\u044b \u0438 \u0431\u043e\u043b\u0438 \u0432 \u0441\u043f\u0438\u043d\u0435, \u0448\u0435\u0435, \u043f\u043e\u044f\u0441\u043d\u0438\u0446\u0435;<\/li>\n\n\n\n<li>\u0433\u043e\u043b\u043e\u0432\u043d\u044b\u0435 \u0431\u043e\u043b\u0438 \u043d\u0430\u043f\u0440\u044f\u0436\u0435\u043d\u0438\u044f;<\/li>\n\n\n\n<li>\u0438\u043d\u0442\u0435\u043d\u0441\u0438\u0432\u043d\u044b\u0435 \u0442\u0440\u0435\u043d\u0438\u0440\u043e\u0432\u043a\u0438 \u0438 \u0441\u043f\u043e\u0440\u0442\u0438\u0432\u043d\u044b\u0435 \u043d\u0430\u0433\u0440\u0443\u0437\u043a\u0438;<\/li>\n\n\n\n<li>\u0441\u043d\u0438\u0436\u0435\u043d\u0438\u0435 \u043a\u043e\u043d\u0446\u0435\u043d\u0442\u0440\u0430\u0446\u0438\u0438 \u0432\u043d\u0438\u043c\u0430\u043d\u0438\u044f, \u043f\u043e\u0432\u044b\u0448\u0435\u043d\u043d\u0430\u044f \u0442\u0440\u0435\u0432\u043e\u0436\u043d\u043e\u0441\u0442\u044c;<\/li>\n\n\n\n<li>\u043f\u043e\u0441\u043b\u0435\u0434\u0441\u0442\u0432\u0438\u044f \u043c\u0430\u043b\u043e\u043f\u043e\u0434\u0432\u0438\u0436\u043d\u043e\u0433\u043e \u043e\u0431\u0440\u0430\u0437\u0430 \u0436\u0438\u0437\u043d\u0438 (\u0434\u043b\u0438\u0442\u0435\u043b\u044c\u043d\u043e\u0435 \u0441\u0438\u0434\u0435\u043d\u0438\u0435 \u0437\u0430 \u043a\u043e\u043c\u043f\u044c\u044e\u0442\u0435\u0440\u043e\u043c);<\/li>\n\n\n\n<li>\u0431\u044b\u0441\u0442\u0440\u0430\u044f \u0443\u0442\u043e\u043c\u043b\u044f\u0435\u043c\u043e\u0441\u0442\u044c, \u043d\u0430\u0440\u0443\u0448\u0435\u043d\u0438\u044f \u0441\u043d\u0430;<\/li>\n\n\n\n<li>\u0440\u0435\u0430\u0431\u0438\u043b\u0438\u0442\u0430\u0446\u0438\u044f \u043f\u043e\u0441\u043b\u0435 \u043d\u0435\u0431\u043e\u043b\u044c\u0448\u0438\u0445 \u0442\u0440\u0430\u0432\u043c (\u043f\u043e \u0441\u043e\u0433\u043b\u0430\u0441\u043e\u0432\u0430\u043d\u0438\u044e \u0441 \u0432\u0440\u0430\u0447\u043e\u043c).<\/li>\n<\/ul>\n\n\n\n<p><strong>\u041f\u0440\u043e\u0442\u0438\u0432\u043e\u043f\u043e\u043a\u0430\u0437\u0430\u043d\u0438\u044f<\/strong><\/p>\n\n\n\n<p>\u041c\u0430\u0441\u0441\u0430\u0436 \u043d\u0435 \u043f\u0440\u043e\u0432\u043e\u0434\u0438\u0442\u0441\u044f \u043f\u0440\u0438:<\/p>\n\n\n\n<ul class=\"wp-block-list\">\n<li>\u043f\u043e\u0432\u044b\u0448\u0435\u043d\u043d\u043e\u0439 \u0442\u0435\u043c\u043f\u0435\u0440\u0430\u0442\u0443\u0440\u0435 \u0438\u043b\u0438 \u043e\u0431\u0449\u0435\u043c \u043d\u0435\u0434\u043e\u043c\u043e\u0433\u0430\u043d\u0438\u0438;<\/li>\n\n\n\n<li>\u043e\u0441\u0442\u0440\u044b\u0445 \u0438\u043d\u0444\u0435\u043a\u0446\u0438\u043e\u043d\u043d\u044b\u0445 \u0437\u0430\u0431\u043e\u043b\u0435\u0432\u0430\u043d\u0438\u044f\u0445;<\/li>\n\n\n\n<li>\u043a\u043e\u0436\u043d\u044b\u0445 \u0432\u044b\u0441\u044b\u043f\u0430\u043d\u0438\u044f\u0445 (\u043a\u0440\u043e\u043c\u0435 \u0430\u043b\u043b\u0435\u0440\u0433\u0438\u0447\u0435\u0441\u043a\u0438\u0445);<\/li>\n\n\n\n<li>\u0432\u0430\u043a\u0446\u0438\u043d\u0430\u0446\u0438\u0438 \u0437\u0430 \u043f\u043e\u0441\u043b\u0435\u0434\u043d\u0438\u0435 7 \u0434\u043d\u0435\u0439 \u0438\u043b\u0438 \u043d\u0430\u043b\u0438\u0447\u0438\u0438 \u043f\u043e\u0431\u043e\u0447\u043d\u044b\u0445 \u0440\u0435\u0430\u043a\u0446\u0438\u0439;<\/li>\n\n\n\n<li>\u0437\u0430\u0431\u043e\u043b\u0435\u0432\u0430\u043d\u0438\u044f\u0445 \u0441\u0435\u0440\u0434\u0446\u0430;<\/li>\n\n\n\n<li>\u043d\u0430\u0440\u0443\u0448\u0435\u043d\u0438\u044f\u0445 \u0441\u0432\u0435\u0440\u0442\u044b\u0432\u0430\u0435\u043c\u043e\u0441\u0442\u0438 \u043a\u0440\u043e\u0432\u0438;<\/li>\n\n\n\n<li>\u043f\u043e\u0432\u044b\u0448\u0435\u043d\u043d\u043e\u0439 \u043b\u043e\u043c\u043a\u043e\u0441\u0442\u0438 \u043a\u043e\u0441\u0442\u0435\u0439;<\/li>\n\n\n\n<li>\u0443\u0432\u0435\u043b\u0438\u0447\u0435\u043d\u043d\u044b\u0445 \u043b\u0438\u043c\u0444\u043e\u0443\u0437\u043b\u0430\u0445;<\/li>\n\n\n\n<li>\u043e\u0431\u0448\u0438\u0440\u043d\u044b\u0445 \u0433\u0435\u043c\u0430\u043d\u0433\u0438\u043e\u043c\u0430\u0445;<\/li>\n\n\n\n<li>\u0442\u0440\u0443\u0434\u043d\u043e \u0432\u043f\u0440\u0430\u0432\u043b\u044f\u0435\u043c\u044b\u0445 \u0433\u0440\u044b\u0436\u0430\u0445 \u0441 \u0440\u0438\u0441\u043a\u043e\u043c \u0443\u0449\u0435\u043c\u043b\u0435\u043d\u0438\u044f;<\/li>\n\n\n\n<li>\u0432\u044b\u0440\u0430\u0436\u0435\u043d\u043d\u043e\u043c \u043f\u0441\u0438\u0445\u043e\u043c\u043e\u0442\u043e\u0440\u043d\u043e\u043c \u0432\u043e\u0437\u0431\u0443\u0436\u0434\u0435\u043d\u0438\u0438;<\/li>\n\n\n\n<li>\u043e\u043d\u043a\u043e\u043b\u043e\u0433\u0438\u0447\u0435\u0441\u043a\u0438\u0445 \u0437\u0430\u0431\u043e\u043b\u0435\u0432\u0430\u043d\u0438\u044f\u0445<\/li>\n\n\n\n<li>\u043e\u043f\u0443\u0445\u043e\u043b\u0438 &#8211; \u0437\u043b\u043e\u043a\u0430\u0447\u0435\u0441\u0442\u0432\u0435\u043d\u043d\u044b\u0435, \u0434\u043e\u0431\u0440\u043e\u043a\u0430\u0447\u0435\u0441\u0442\u0432\u0435\u043d\u043d\u044b\u0435 (\u043f\u043e\u0441\u043b\u0435 \u043a\u043e\u043d\u0441\u0443\u043b\u044c\u0442\u0430\u0446\u0438\u0438 \u0432\u0440\u0430\u0447\u0430)<\/li>\n<\/ul>\n\n\n\n<p><strong>\u0420\u0435\u043a\u043e\u043c\u0435\u043d\u0434\u0430\u0446\u0438\u0438<\/strong><\/p>\n\n\n\n<ul class=\"wp-block-list\">\n<li>\u041b\u0451\u0433\u043a\u0438\u0439 \u043f\u0440\u0438\u0451\u043c \u043f\u0438\u0449\u0438 \u2014 \u043c\u0438\u043d\u0438\u043c\u0443\u043c \u0437\u0430 30\u201340 \u043c\u0438\u043d\u0443\u0442 \u0434\u043e \u043c\u0430\u0441\u0441\u0430\u0436\u0430.<\/li>\n\n\n\n<li>\u041f\u043e\u0434\u0431\u0438\u0440\u0430\u0439\u0442\u0435 \u0432\u0440\u0435\u043c\u044f \u0441\u0435\u0430\u043d\u0441\u0430, \u043a\u043e\u0433\u0434\u0430 \u0440\u0435\u0431\u0451\u043d\u043e\u043a \u043d\u0435 \u0443\u0441\u0442\u0430\u043b \u0438 \u043d\u0435 \u0441\u043f\u0435\u0448\u0438\u0442 \u2014 \u043e\u043f\u0442\u0438\u043c\u0430\u043b\u044c\u043d\u043e \u043f\u043e\u0441\u043b\u0435 \u0448\u043a\u043e\u043b\u044b \u0438\u043b\u0438 \u0432 \u0441\u0432\u043e\u0431\u043e\u0434\u043d\u044b\u0439 \u0434\u0435\u043d\u044c.<\/li>\n\n\n\n<li>\u0412 \u0434\u0435\u043d\u044c \u043c\u0430\u0441\u0441\u0430\u0436\u0430 \u0436\u0435\u043b\u0430\u0442\u0435\u043b\u044c\u043d\u043e \u0438\u0441\u043a\u043b\u044e\u0447\u0438\u0442\u044c \u0438\u043d\u0442\u0435\u043d\u0441\u0438\u0432\u043d\u044b\u0435 \u0442\u0440\u0435\u043d\u0438\u0440\u043e\u0432\u043a\u0438.<\/li>\n<\/ul>\n\n\n\n<p><strong>\u041a\u0430\u043a \u043f\u0440\u043e\u0445\u043e\u0434\u0438\u0442 \u043c\u0430\u0441\u0441\u0430\u0436<\/strong><\/p>\n\n\n\n<ul class=\"wp-block-list\">\n<li>\u0421\u0435\u0430\u043d\u0441 \u043f\u0440\u043e\u0432\u043e\u0434\u0438\u0442\u0441\u044f \u043d\u0430 \u043c\u0430\u0441\u0441\u0430\u0436\u043d\u043e\u043c \u0441\u0442\u043e\u043b\u0435 \u0438\u043b\u0438 \u043d\u0430 \u043f\u043e\u043b\u0443 \u043d\u0430 \u043c\u0430\u0442\u0435 \u2014 \u0432 \u0437\u0430\u0432\u0438\u0441\u0438\u043c\u043e\u0441\u0442\u0438 \u043e\u0442 \u0432\u0438\u0434\u0430 \u0440\u0430\u0431\u043e\u0442\u044b, \u0432\u043e\u0437\u0440\u0430\u0441\u0442\u0430 \u0438 \u0437\u0430\u0434\u0430\u0447.<\/li>\n\n\n\n<li>\u041f\u0440\u043e\u0434\u043e\u043b\u0436\u0438\u0442\u0435\u043b\u044c\u043d\u043e\u0441\u0442\u044c \u2014 \u0434\u043e 45\/60 \u043c\u0438\u043d\u0443\u0442, \u0432\u043a\u043b\u044e\u0447\u0430\u044f \u0434\u0438\u0430\u0433\u043d\u043e\u0441\u0442\u0438\u043a\u0443 \u0441\u043e\u0441\u0442\u043e\u044f\u043d\u0438\u044f, \u043e\u0431\u0449\u0438\u0439 \u043c\u0430\u0441\u0441\u0430\u0436 \u0442\u0435\u043b\u0430 \u0438 \u043a\u043e\u0440\u0440\u0435\u043a\u0446\u0438\u043e\u043d\u043d\u044b\u0435 \u0442\u0435\u0445\u043d\u0438\u043a\u0438.<\/li>\n\n\n\n<li>\u0422\u0435\u0440\u0430\u043f\u0438\u044f \u043f\u043e\u0434\u0431\u0438\u0440\u0430\u0435\u0442\u0441\u044f \u0438\u043d\u0434\u0438\u0432\u0438\u0434\u0443\u0430\u043b\u044c\u043d\u043e: \u0440\u0430\u0441\u0441\u043b\u0430\u0431\u043b\u0435\u043d\u0438\u0435, \u0440\u0430\u0431\u043e\u0442\u0430 \u0441 \u043c\u044b\u0448\u0435\u0447\u043d\u044b\u043c\u0438 \u0437\u0430\u0436\u0438\u043c\u0430\u043c\u0438, \u0440\u0430\u0441\u0442\u044f\u0436\u043a\u0430, \u0434\u044b\u0445\u0430\u0442\u0435\u043b\u044c\u043d\u044b\u0435 \u044d\u043b\u0435\u043c\u0435\u043d\u0442\u044b.<\/li>\n\n\n\n<li>\u041f\u043e\u0434\u0445\u043e\u0434 \u043c\u044f\u0433\u043a\u0438\u0439 \u0438 \u0443\u0432\u0430\u0436\u0438\u0442\u0435\u043b\u044c\u043d\u044b\u0439: \u0442\u0435\u0440\u0430\u043f\u0438\u044f \u0441\u0442\u0440\u043e\u0438\u0442\u0441\u044f \u0447\u0435\u0440\u0435\u0437 \u0434\u043e\u0432\u0435\u0440\u0438\u0435, \u043a\u043e\u043c\u0444\u043e\u0440\u0442 \u0438 \u043f\u043e\u043d\u0438\u043c\u0430\u043d\u0438\u0435 \u043f\u043e\u0442\u0440\u0435\u0431\u043d\u043e\u0441\u0442\u0435\u0439 \u0440\u0435\u0431\u0451\u043d\u043a\u0430 \u0438\u043b\u0438 \u043f\u043e\u0434\u0440\u043e\u0441\u0442\u043a\u0430.<\/li>\n<\/ul>\n","protected":false},"excerpt":{"rendered":"<p>\u041c\u0430\u0441\u0441\u0430\u0436\u043d\u0430\u044f \u0442\u0435\u0440\u0430\u043f\u0438\u044f (\u043e\u0442 7&nbsp; \u0434\u043e 17 \u043b\u0435\u0442) 45 \u043c\u0438\u043d\u0443\u0442 35\u20ac 60 \u043c\u0438\u043d\u0443\u0442 40\u20ac \u041c\u0430\u0441\u0441\u0430\u0436\u043d\u0430\u044f \u0442\u0435\u0440\u0430\u043f\u0438\u044f \u043d\u0430 \u0434\u043e\u043c\u0443 (\u043e\u0442 7 \u0434\u043e 17 \u043b\u0435\u0442) 45 \u043c\u0438\u043d\u0443\u0442 45\u20ac (Kristiine, Mustam\u00e4e, N\u00f5mme, Haabersti, P\u00f5hja-Tallinn) 60 \u043c\u0438\u043d\u0443\u0442 50\u20ac (Kristiine, Mustam\u00e4e, N\u00f5mme, Haabersti, P\u00f5hja-Tallinn) \u0412 \u0440\u0430\u0439\u043e\u043d\u0430\u0445 Kesklinn, Lasnam\u00e4e, Pirita, Laagri, Tiskre, Kakum\u00e4e, Tabasalu, Saue, Saku, Peetri, Rae, Viimsi \u0438 Maardu \u0434\u043e\u0431\u0430\u0432\u043b\u044f\u044e\u0442\u0441\u044f [&hellip;]<\/p>\n","protected":false},"author":1,"featured_media":0,"parent":15,"menu_order":3,"comment_status":"closed","ping_status":"closed","template":"","meta":{"footnotes":""},"class_list":["post-57","page","type-page","status-publish","hentry"],"yoast_head":"<!-- This site is optimized with the Yoast SEO plugin v26.4 - https:\/\/yoast.com\/wordpress\/plugins\/seo\/ -->\n<title>\u041c\u0430\u0441\u0441\u0430\u0436\u043d\u0430\u044f \u0442\u0435\u0440\u0430\u043f\u0438\u044f (\u043e\u0442 7\u00a0 \u0434\u043e 17 \u043b\u0435\u0442) - LasteKehaTugi<\/title>\n<meta name=\"robots\" content=\"index, follow, max-snippet:-1, max-image-preview:large, max-video-preview:-1\" \/>\n<link rel=\"canonical\" href=\"https:\/\/lastekehatugi.ee\/?page_id=57\" \/>\n<meta property=\"og:locale\" content=\"et_EE\" \/>\n<meta property=\"og:type\" content=\"article\" \/>\n<meta property=\"og:title\" content=\"\u041c\u0430\u0441\u0441\u0430\u0436\u043d\u0430\u044f \u0442\u0435\u0440\u0430\u043f\u0438\u044f (\u043e\u0442 7\u00a0 \u0434\u043e 17 \u043b\u0435\u0442) - LasteKehaTugi\" \/>\n<meta property=\"og:description\" content=\"\u041c\u0430\u0441\u0441\u0430\u0436\u043d\u0430\u044f \u0442\u0435\u0440\u0430\u043f\u0438\u044f (\u043e\u0442 7&nbsp; \u0434\u043e 17 \u043b\u0435\u0442) 45 \u043c\u0438\u043d\u0443\u0442 35\u20ac 60 \u043c\u0438\u043d\u0443\u0442 40\u20ac \u041c\u0430\u0441\u0441\u0430\u0436\u043d\u0430\u044f \u0442\u0435\u0440\u0430\u043f\u0438\u044f \u043d\u0430 \u0434\u043e\u043c\u0443 (\u043e\u0442 7 \u0434\u043e 17 \u043b\u0435\u0442) 45 \u043c\u0438\u043d\u0443\u0442 45\u20ac (Kristiine, Mustam\u00e4e, N\u00f5mme, Haabersti, P\u00f5hja-Tallinn) 60 \u043c\u0438\u043d\u0443\u0442 50\u20ac (Kristiine, Mustam\u00e4e, N\u00f5mme, Haabersti, P\u00f5hja-Tallinn) \u0412 \u0440\u0430\u0439\u043e\u043d\u0430\u0445 Kesklinn, Lasnam\u00e4e, Pirita, Laagri, Tiskre, Kakum\u00e4e, Tabasalu, Saue, Saku, Peetri, Rae, Viimsi \u0438 Maardu \u0434\u043e\u0431\u0430\u0432\u043b\u044f\u044e\u0442\u0441\u044f [&hellip;]\" \/>\n<meta property=\"og:url\" content=\"https:\/\/lastekehatugi.ee\/?page_id=57\" \/>\n<meta property=\"og:site_name\" content=\"LasteKehaTugi\" \/>\n<meta property=\"article:publisher\" content=\"https:\/\/www.facebook.com\/profile.php?id=100008305992905\" \/>\n<meta property=\"article:modified_time\" content=\"2025-12-01T11:01:06+00:00\" \/>\n<meta name=\"twitter:card\" content=\"summary_large_image\" \/>\n<meta name=\"twitter:label1\" content=\"Est. reading time\" \/>\n\t<meta name=\"twitter:data1\" content=\"2 minutit\" \/>\n<script type=\"application\/ld+json\" class=\"yoast-schema-graph\">{\"@context\":\"https:\/\/schema.org\",\"@graph\":[{\"@type\":\"WebPage\",\"@id\":\"https:\/\/lastekehatugi.ee\/?page_id=57\",\"url\":\"https:\/\/lastekehatugi.ee\/?page_id=57\",\"name\":\"\u041c\u0430\u0441\u0441\u0430\u0436\u043d\u0430\u044f \u0442\u0435\u0440\u0430\u043f\u0438\u044f (\u043e\u0442 7\u00a0 \u0434\u043e 17 \u043b\u0435\u0442) - LasteKehaTugi\",\"isPartOf\":{\"@id\":\"https:\/\/lastekehatugi.ee\/#website\"},\"datePublished\":\"2025-12-01T09:42:37+00:00\",\"dateModified\":\"2025-12-01T11:01:06+00:00\",\"breadcrumb\":{\"@id\":\"https:\/\/lastekehatugi.ee\/?page_id=57#breadcrumb\"},\"inLanguage\":\"et\",\"potentialAction\":[{\"@type\":\"ReadAction\",\"target\":[\"https:\/\/lastekehatugi.ee\/?page_id=57\"]}]},{\"@type\":\"BreadcrumbList\",\"@id\":\"https:\/\/lastekehatugi.ee\/?page_id=57#breadcrumb\",\"itemListElement\":[{\"@type\":\"ListItem\",\"position\":1,\"name\":\"Home\",\"item\":\"https:\/\/lastekehatugi.ee\/\"},{\"@type\":\"ListItem\",\"position\":2,\"name\":\"\u0423\u0441\u043b\u0443\u0433\u0438\",\"item\":\"https:\/\/lastekehatugi.ee\/?page_id=15\"},{\"@type\":\"ListItem\",\"position\":3,\"name\":\"\u041c\u0430\u0441\u0441\u0430\u0436\u043d\u0430\u044f \u0442\u0435\u0440\u0430\u043f\u0438\u044f (\u043e\u0442 7\u00a0 \u0434\u043e 17 \u043b\u0435\u0442)\"}]},{\"@type\":\"WebSite\",\"@id\":\"https:\/\/lastekehatugi.ee\/#website\",\"url\":\"https:\/\/lastekehatugi.ee\/\",\"name\":\"LasteKehaTugi\",\"description\":\"laste teraapia, laste massaaz\",\"publisher\":{\"@id\":\"https:\/\/lastekehatugi.ee\/#organization\"},\"inLanguage\":\"et\"},{\"@type\":\"Organization\",\"@id\":\"https:\/\/lastekehatugi.ee\/#organization\",\"name\":\"Laranta O\u00dc\",\"url\":\"https:\/\/lastekehatugi.ee\/\",\"logo\":{\"@type\":\"ImageObject\",\"inLanguage\":\"et\",\"@id\":\"https:\/\/lastekehatugi.ee\/#\/schema\/logo\/image\/\",\"url\":\"https:\/\/lastekehatugi.ee\/wp-content\/uploads\/2025\/12\/logo_psd_2025_jpg.jpg\",\"contentUrl\":\"https:\/\/lastekehatugi.ee\/wp-content\/uploads\/2025\/12\/logo_psd_2025_jpg.jpg\",\"width\":675,\"height\":532,\"caption\":\"Laranta O\u00dc\"},\"image\":{\"@id\":\"https:\/\/lastekehatugi.ee\/#\/schema\/logo\/image\/\"},\"sameAs\":[\"https:\/\/www.facebook.com\/profile.php?id=100008305992905\"]}]}<\/script>\n<!-- \/ Yoast SEO plugin. -->","yoast_head_json":{"title":"\u041c\u0430\u0441\u0441\u0430\u0436\u043d\u0430\u044f \u0442\u0435\u0440\u0430\u043f\u0438\u044f (\u043e\u0442 7\u00a0 \u0434\u043e 17 \u043b\u0435\u0442) - LasteKehaTugi","robots":{"index":"index","follow":"follow","max-snippet":"max-snippet:-1","max-image-preview":"max-image-preview:large","max-video-preview":"max-video-preview:-1"},"canonical":"https:\/\/lastekehatugi.ee\/?page_id=57","og_locale":"et_EE","og_type":"article","og_title":"\u041c\u0430\u0441\u0441\u0430\u0436\u043d\u0430\u044f \u0442\u0435\u0440\u0430\u043f\u0438\u044f (\u043e\u0442 7\u00a0 \u0434\u043e 17 \u043b\u0435\u0442) - LasteKehaTugi","og_description":"\u041c\u0430\u0441\u0441\u0430\u0436\u043d\u0430\u044f \u0442\u0435\u0440\u0430\u043f\u0438\u044f (\u043e\u0442 7&nbsp; \u0434\u043e 17 \u043b\u0435\u0442) 45 \u043c\u0438\u043d\u0443\u0442 35\u20ac 60 \u043c\u0438\u043d\u0443\u0442 40\u20ac \u041c\u0430\u0441\u0441\u0430\u0436\u043d\u0430\u044f \u0442\u0435\u0440\u0430\u043f\u0438\u044f \u043d\u0430 \u0434\u043e\u043c\u0443 (\u043e\u0442 7 \u0434\u043e 17 \u043b\u0435\u0442) 45 \u043c\u0438\u043d\u0443\u0442 45\u20ac (Kristiine, Mustam\u00e4e, N\u00f5mme, Haabersti, P\u00f5hja-Tallinn) 60 \u043c\u0438\u043d\u0443\u0442 50\u20ac (Kristiine, Mustam\u00e4e, N\u00f5mme, Haabersti, P\u00f5hja-Tallinn) \u0412 \u0440\u0430\u0439\u043e\u043d\u0430\u0445 Kesklinn, Lasnam\u00e4e, Pirita, Laagri, Tiskre, Kakum\u00e4e, Tabasalu, Saue, Saku, Peetri, Rae, Viimsi \u0438 Maardu \u0434\u043e\u0431\u0430\u0432\u043b\u044f\u044e\u0442\u0441\u044f [&hellip;]","og_url":"https:\/\/lastekehatugi.ee\/?page_id=57","og_site_name":"LasteKehaTugi","article_publisher":"https:\/\/www.facebook.com\/profile.php?id=100008305992905","article_modified_time":"2025-12-01T11:01:06+00:00","twitter_card":"summary_large_image","twitter_misc":{"Est. reading time":"2 minutit"},"schema":{"@context":"https:\/\/schema.org","@graph":[{"@type":"WebPage","@id":"https:\/\/lastekehatugi.ee\/?page_id=57","url":"https:\/\/lastekehatugi.ee\/?page_id=57","name":"\u041c\u0430\u0441\u0441\u0430\u0436\u043d\u0430\u044f \u0442\u0435\u0440\u0430\u043f\u0438\u044f (\u043e\u0442 7\u00a0 \u0434\u043e 17 \u043b\u0435\u0442) - LasteKehaTugi","isPartOf":{"@id":"https:\/\/lastekehatugi.ee\/#website"},"datePublished":"2025-12-01T09:42:37+00:00","dateModified":"2025-12-01T11:01:06+00:00","breadcrumb":{"@id":"https:\/\/lastekehatugi.ee\/?page_id=57#breadcrumb"},"inLanguage":"et","potentialAction":[{"@type":"ReadAction","target":["https:\/\/lastekehatugi.ee\/?page_id=57"]}]},{"@type":"BreadcrumbList","@id":"https:\/\/lastekehatugi.ee\/?page_id=57#breadcrumb","itemListElement":[{"@type":"ListItem","position":1,"name":"Home","item":"https:\/\/lastekehatugi.ee\/"},{"@type":"ListItem","position":2,"name":"\u0423\u0441\u043b\u0443\u0433\u0438","item":"https:\/\/lastekehatugi.ee\/?page_id=15"},{"@type":"ListItem","position":3,"name":"\u041c\u0430\u0441\u0441\u0430\u0436\u043d\u0430\u044f \u0442\u0435\u0440\u0430\u043f\u0438\u044f (\u043e\u0442 7\u00a0 \u0434\u043e 17 \u043b\u0435\u0442)"}]},{"@type":"WebSite","@id":"https:\/\/lastekehatugi.ee\/#website","url":"https:\/\/lastekehatugi.ee\/","name":"LasteKehaTugi","description":"laste teraapia, laste massaaz","publisher":{"@id":"https:\/\/lastekehatugi.ee\/#organization"},"inLanguage":"et"},{"@type":"Organization","@id":"https:\/\/lastekehatugi.ee\/#organization","name":"Laranta O\u00dc","url":"https:\/\/lastekehatugi.ee\/","logo":{"@type":"ImageObject","inLanguage":"et","@id":"https:\/\/lastekehatugi.ee\/#\/schema\/logo\/image\/","url":"https:\/\/lastekehatugi.ee\/wp-content\/uploads\/2025\/12\/logo_psd_2025_jpg.jpg","contentUrl":"https:\/\/lastekehatugi.ee\/wp-content\/uploads\/2025\/12\/logo_psd_2025_jpg.jpg","width":675,"height":532,"caption":"Laranta O\u00dc"},"image":{"@id":"https:\/\/lastekehatugi.ee\/#\/schema\/logo\/image\/"},"sameAs":["https:\/\/www.facebook.com\/profile.php?id=100008305992905"]}]}},"_links":{"self":[{"href":"https:\/\/lastekehatugi.ee\/index.php?rest_route=\/wp\/v2\/pages\/57","targetHints":{"allow":["GET"]}}],"collection":[{"href":"https:\/\/lastekehatugi.ee\/index.php?rest_route=\/wp\/v2\/pages"}],"about":[{"href":"https:\/\/lastekehatugi.ee\/index.php?rest_route=\/wp\/v2\/types\/page"}],"author":[{"embeddable":true,"href":"https:\/\/lastekehatugi.ee\/index.php?rest_route=\/wp\/v2\/users\/1"}],"replies":[{"embeddable":true,"href":"https:\/\/lastekehatugi.ee\/index.php?rest_route=%2Fwp%2Fv2%2Fcomments&post=57"}],"version-history":[{"count":1,"href":"https:\/\/lastekehatugi.ee\/index.php?rest_route=\/wp\/v2\/pages\/57\/revisions"}],"predecessor-version":[{"id":59,"href":"https:\/\/lastekehatugi.ee\/index.php?rest_route=\/wp\/v2\/pages\/57\/revisions\/59"}],"up":[{"embeddable":true,"href":"https:\/\/lastekehatugi.ee\/index.php?rest_route=\/wp\/v2\/pages\/15"}],"wp:attachment":[{"href":"https:\/\/lastekehatugi.ee\/index.php?rest_route=%2Fwp%2Fv2%2Fmedia&parent=57"}],"curies":[{"name":"wp","href":"https:\/\/api.w.org\/{rel}","templated":true}]}}